at is the value of 9 - (12 + -6 - 15)?
18
Evaluate -33 + -9 + 38 - -36.
32
What is the value of 29 + -12 - (-12 + 20 + -12)?
21
6 + -9 + 8 + -10 - 9
-14
Calculate (9 - (6 - (-1 + -1))) + 0.
1
Calculate -27 - (-27 - -12) - (1 - 7) - -6.
0
Calculate -6 - (-33 + (28 - 14)).
13
What is -3 + 12 + 6 + 12 + -6?
21
What is (2 - 4) + 12 + 1?
11
What is 5 + -26 + (-2 - (-3 + 2 + -7))?
-15
Evaluate -12 + (-2 - (10 + (-9 - -20) + -26)).
-9
What is -3 + 8 - (6 - 12 - -7)?
4
What is the value of (3 + -6 - 21) + 12?
-12
What is the value of -7 + 2 + 46 - 18?
23
22 + -23 - (-1 - -12) - -9 - 32
-35
-13 + -5 + -7 - (-3 + 5 - 10)
-17
Evaluate 48 + (9 - 14) + -21.
22
What is -7 - 25 - -55 - 35?
-12
What is (8 - -1 - (11 - 8)) + -15?
-9
Evaluate -22 + 12 + -12 + (8 - 0).
-14
What is 10 + (0 - (22 + -23 + (15 - 2)))?
-2
Calculate 800 - 796 - (7 - -1 - -1).
-5
What is the value of 136 + -143 + (-3 - (-2 - -4))?
-12
Evaluate 1 - (14 + -9) - (-1 + -12).
9
Calculate 26 + 0 + (8 + -6 - 5) + -1.
22
What is (420 - 456) + (1 - -14)?
-21
What is (11 + -4 - 17) + -9?
-19
13 + 7 + -1 + -7
12
What is the value of (-28 + 14 - -2) + 53 + -9?
32
-6 - (2 + (-5 - -2)) - (2 - 5)
-2
Evaluate 19 + (15 + -38 - -11) + 0.
7
Evaluate -6 + -3 - (-23 + 8).
6
-47 + (-5 - -7) + 9 + 14
-22
What is the value of -20 - (8 + -2 + -5 - (-27 + 29))?
-19
What is (-1 - 2) + (-17 - -17 - 7) + -6?
-16
8 + (-10 - (-9 + -34 + 17))
24
What is the value of (-9 + 24 + -8 - (10 + 1)) + 8?
4
What is 13 + (1 + -13 - -10)?
11
Evaluate -40 - -30 - -7 - -30.
27
Evaluate (-2 - 2) + -2 + -1105 + 1105.
-6
Calculate 18 + -10 + 0 + -1 + -5.
2
-15 + (7 - (6 - 6 - 1))
-7
Calculate -10 - (-22 - -7) - (-19 - -9).
15
What is 9 + (-1 - -1) - (4 + -8 + 1)?
12
Evaluate (-50 - -11 - -1 - -10) + 6.
-22
Calculate 31 + -12 + 10 + -4 - (1 - -8).
16
Calculate -1 + -17 + (31 - 2).
11
1 + 4 + 21 + -19 + (3 - 5)
5
What is the value of 4 - ((-8 - 26) + 40)?
-2
What is 3 - (-6 - (11 - 9))?
11
What is the value of 4 - (-1 - 2 - (-1 - 1))?
5
Calculate -38 - -63 - (-1 + 14 + -1).
13
(-18 - (0 + -22)) + -7 + 1 + 4
2
-4 + (-7 - (-6 + 11)) + -16
-32
What is the value of -19 + 60 + 3 + 4 + -15?
33
Evaluate 5 + (0 - 2) + -4 - (-5 + 2).
2
What is (-4 - -7) + -4 - (0 - -15) - 1?
-17
Calculate 7 + (35 - 23) + -11.
8
Calculate 5 + (-4 - 1) + (-5 - -5 - -7).
7
What is the value of 8 - (-40 - (10 - 9 - 7) - -7)?
35
What is the value of 8 - (10 - (-6 - 17))?
-25
445 + -480 + -1 + 30
-6
Calculate 56 + (23 - 46) - (1 - (1 - 7)).
26
What is the value of (-25 - -53 - 5) + -1 + 0 + 3?
25
What is (1 + -4 - 1) + 19 + -14?
1
What is -41 - ((13 - 47) + 3)?
-10
What is (150 - 168) + 10 + 1 - 11?
-18
(-5 + -2 - 1) + (65 - 43)
14
Calculate -14 + 6 + 1 - (0 + -3).
-4
-10 + -18 + 15 + 19
6
-4 - (-10 - -2) - (11 + -6)
-1
What is the value of -14 - ((31 - 27) + -41)?
23
Evaluate (26 + 26 - 54) + (15 - (2 - 2)).
13
Evaluate (-1 - 4 - (11 + -18 + 6)) + 27.
23
What is (-2 - -1) + 7 + 1 + -22?
-15
What is the value of 5 + -13 + -11 + -9 - -11?
-17
8 + -5 - (-5 - (8 - -4))
20
Evaluate -17 - (53 - 36) - -29.
-5
Calculate -1 + 4 + -10 - (-105 + 110).
-12
What is the value of -4 + (-6 + -2 - -2 - (1 - 2))?
-9
Evaluate 1 + -56 + (-372 - -396).
-31
Evaluate 45 + -42 - ((0 - 1) + -1).
5
-22 + (22 - 17) + 21
4
Calculate (13 + 14 - 23) + -8.
-4
(-7 - -8) + 1 + 5 + -5
2
13 + 7 + -13 + -13
-6
What is the value of -3 - -1 - (-8 + 2) - (9 + -12)?
7
Calculate 5 + (0 - 2 - (-40 + 34)).
9
Evaluate -235 - -238 - (-10 + 0).
13
What is the value of -21 + (-2 - 2) + 10 + -8?
-23
What is the value of 5 + (12 + (-4 - -2 - 4) - 4)?
7
84 - 100 - (6 - (6 + 7))
-9
What is the value of -46 - -95 - 41 - (17 - 2)?
-7
Evaluate -20 + 22 - ((-4 - -6) + -1).
1
What is the value of (20 - -24) + (-4 - 10)?
30
What is the value of (12 - -1) + -33 + 26 + 1 + 4?
11
What is the value of (33 + -23 - (4 - 0)) + -10 + 0?
-4
Calculate 2 + 2 - (-15 + 24).
-5
-260 + 242 - (4 + -15 + -2)
-5
What is the value of -367 + 377 + 1 + (2 - 11)?
2
Evaluate -17 - (-28 - 8) - 38.
-19
Evaluate 23 + -27 - (-3 + 0) - (-12 - -6).
5
Calculate -21 + (-16 - (12 - 43)).
-6
Evaluate -12 - (-8 - (12 + (-14 - -8))).
2
Evaluate 3 + -2 - (15 - (2 + -1 - -2)).
-11
Evaluate -1 - (-16 + 2 + 26 + -33).
20
What is 8 - (1 + -2 + 14 + 1)?
-6
What is the value of 11 + (-4 - -13) + (-4 - 0)?
16
What is -18 + -14 + -1 - -17?
-16
Evaluate 1 + -5 - -11 - (11 + (-17 - -9)).
4
What is -4 - (-3 + 13 + -4 + 9 + -12)?
-7
What is the value of (15 - 19) + (1 - -2) + -10?
-11
2 + (6 - 3) + (-12 - (-17 - -5))
5
Calculate -14 - -11 - (2 + (1 - 25) + 3).
16
What is -10 + -16 + 7 + (3 - 0) - -1?
-15
Calculate 23 + -10 - -12 - 22.
3
Calculate -13 - (10 - (10 - -12)).
-1
Calculate 9 + (26 - 1 - 15) + -7.
12
653 + -620 - (-2 - -30)
5
What is 12 - (-17 + 24) - (25 + -3)?
-17
Calculate -1 + 0 - ((-54 - -61) + -4).
-4
Evaluate (-22 - -28) + 7 + -3.
10
Calculate -8 + (3 - 1) + 3 - (1 - -2).
-6
What is -5 + 1 - (31 + -41)?
6
What is 316 - 295 - (35 - -1)?
-15
Evaluate (-7 - (-14 + 10)) + 10.
7
33 + (3 - 18) + -47
-29
Calculate -5 + (-5 - (2 - 10) - -2).
0
Calculate (-28 - (18 - 32)) + 21.
7
Calculate (15 - -7) + 5 + -18.
9
Calculate 47 + (-29 + 11 - 18).
11
What is 41 + -27 - (5 + -8 + 1 - -9)?
7
-6 + ((1 - 1) + 4 - -7)
5
What is the value of -17 + 9 + -2 - (-9 + 3 + 8)?
-12
What is the value of 6 - (-2 + -4 + 10)?
2
0 - -2 - (443 - 445)
4
-30 - ((3 - (4 - 0)) + -12)
-17
What is (-7 - (8 + -10 - -1 - 3)) + 20?
17
What is the value of -8 + (-12 - -18) - -13 - (0 - 4)?
15
What is the value of (-5 - (-6 + -10)) + (7 + -5 - 2)?
11
-8 - (-1 + -35 + 4 + -8 + -2)
34
What is -119 - -108 - ((-1 - 1) + 3 + -7)?
-5
Evaluate (-28 - 1) + -55 + 77 + -25.
-32
18 + 45 + -18 - (12 + 4)
29
5 + (-3 + 1 - -6) + -13 + -2
-6
What is the value of 12 - (-7 - -17) - 6?
-4
-6 - (-16 + (17 - 9) + -13)
15
What is the value of (7 - (3 + -3 + 2)) + 3?
8
What is -7 + (-5 - -2) - (-30 - -31)?
-11
What is the value of -38 - (15 - (44 - (12 + 2)))?
-23
Evaluate -55 + 47 + (-3 - (2 - 8) - 9).
-14
What is the value of (-59 - (9 + -55)) + -1 + 9?
-5
What is (-12 - -21) + -6 + 2 + 4?
9
What is the value of -15 + (4 + 13 - 1)?
1
(405 - 408) + 10 + 2
9
Evaluate -6 + -2 + 3 + 5.
0
Evaluate -2 + 0 + -14 + (26 - -5 - 28).
-13
What is the value of -1 + -6 + 7 - -4 - -4?
8
What is the value of -7 - (14 - (6 + 23))?
8
Evaluate (13 + -14 + -8 - 1) + -8.
-18
-19 + (2 + (8 - 8) - (0 - 2))
-15
Evaluate 216 + -208 + 0 + -21.
-13
What is the value of -269 + 328 - (-1 - -22)?
38
Evaluate (-80 - -80) + (-1 - 2).
-3
Calculate (2 + (-13 - -7) - -14) + -14.
-4
What is the value of (-44 - -41 - (3 + 10)) + 11?
-5
Evaluate 23 + -38 + 7 + 3.
-5
(3 - -5) + -1 + 6 + -11
2
What is 3 + -1 - (-33 - -37 - -9)?
-11
Evaluate 2 + 2 + 46 + -56.
-6
Calculate -1 + -7 + (23 + -6 - -10).
19
Evaluate 7 + -33 - -38 - (13 - 1).
0
Calculate -3 - (-1 - -10 - (14 - 14)).
-12
Evaluate 4 + -39 + (-3 - 12 - -16).
-34
What is the value of -70 + 63 + (0 + -2 - -10)?
1
Evaluate -3 + -5 + (-11 - -8 - -6).
-5
(14 - -2) + 5 + (-10 - (0 - 6))
17
(-9 - -17 - -26) + -19
15
Evaluate 7 + (7 - (-5 - -26)) + -8 - -1.
-14
2 + -38 + 37 + -13
-12
What is 41 - (42 + 6) - -3?
-4
What is 5 - (-7 - (-4 - (7 + -2 + -3)))?
6
Evaluate -6 + (-2 - -2 - 4 - (-48 - -50)).
-12
Evaluate (-2 - 16) + (4 - (-8 + 20 + -1)).
-25
Calculate (2 - (1 + -2) - -11) + (-2 - 0).
12
Evaluate -4 - -13 - (-42 - -51).
0
What is 7 + (-1 - -22 - 25) + (-5 - 1)?
-3
What is the value of 1 + 17 - (-11 - -31)?
-2
-2 + (7 - (10 + -9)) + 3
7
What is (0 - 10) + 22 + (11 - (16 + -4))?
11
What is the value of (0 - (3 - 3)) + -6?
-6
Calculate 1 - (-5 + 12 + -8 + -9 + 26).
-15
(-1 - -8) + (-4 - -5)
8
What is (-9 - ((-2 - -12) + -9)) + -23 - 5?
-38
What is the value of -17 + (-22 - -6 - -31)?
-2
Evaluate 36 + 8 + -67 + 33.
10
-3 + (32 - 25) - -3
7
Calculate -89 + 95 + 0 + -11.
-5
Evaluate 1 - (6 - 3) - (0 + -44 - -17).
25
Calculate 20 + -23 + (3 - 3) + -1 + 4.
0
1102 - 1091 - (0 + (1 - 1))
11
Calculate (-2 - -2) + (121 - 107).
14
What is the value of -40 - (6 - 13) - (-7 + -3 + 6)?
-29
What is 3 + -15 + 7 - (-2 - -24)?
-27
(-5 - (-14 + 9 - -9)) + 5 + -2
-6
What is -1 + -5 + (-528 - -499)?
-35
Evaluate 0 + (0 + -5 + -4 + 6 - 1).
-4
What is the value of 1 + 5 + -2 - (-28 - -24)?
8
What is -56 + 32 + (6 - -24